{"id":2,"date":"2019-09-14T14:02:50","date_gmt":"2019-09-14T14:02:50","guid":{"rendered":"http:\/\/test.czlowiekszczesliwy.pl\/?page_id=2"},"modified":"2022-10-29T13:11:30","modified_gmt":"2022-10-29T13:11:30","slug":"zen-coaching","status":"publish","type":"page","link":"https:\/\/czlowiekszczesliwy.pl\/index.php\/zen-coaching\/","title":{"rendered":"Zen Coaching"},"content":{"rendered":"\t\t<div data-elementor-type=\"wp-page\" data-elementor-id=\"2\" class=\"elementor elementor-2\">\n\t\t\t\t\t\t<div class=\"elementor-inner\">\n\t\t\t\t<div class=\"elementor-section-wrap\">\n\t\t\t\t\t\t\t\t\t<section class=\"elementor-section elementor-top-section elementor-element elementor-element-53a6c502 elementor-section-boxed elementor-section-height-default elementor-section-height-default\" data-id=\"53a6c502\" data-element_type=\"section\">\n\t\t\t\t\t\t<div class=\"elementor-container elementor-column-gap-default\">\n\t\t\t\t\t\t\t<div class=\"elementor-row\">\n\t\t\t\t\t<div class=\"elementor-column elementor-col-100 elementor-top-column elementor-element elementor-element-139d8a09\" data-id=\"139d8a09\" data-element_type=\"column\">\n\t\t\t<div class=\"elementor-column-wrap elementor-element-populated\">\n\t\t\t\t\t\t\t<div class=\"elementor-widget-wrap\">\n\t\t\t\t\t\t<div class=\"elementor-element elementor-element-3a297dfe elementor-widget elementor-widget-text-editor\" data-id=\"3a297dfe\" data-element_type=\"widget\" data-widget_type=\"text-editor.default\">\n\t\t\t\t<div class=\"elementor-widget-container\">\n\t\t\t\t\t\t\t\t<div class=\"elementor-text-editor elementor-clearfix\">\n\t\t\t\t<p><!-- wp:image {\"align\":\"center\",\"id\":2701,\"sizeSlug\":\"large\",\"linkDestination\":\"none\",\"className\":\"is-style-rounded\"} --><\/p>\n<div class=\"wp-block-image is-style-rounded\">\u00a0<\/div>\n<p><!-- \/wp:image --><\/p>\n<p><!-- wp:separator {\"className\":\"is-style-wide\"} --><\/p>\n<hr class=\"wp-block-separator is-style-wide\" \/>\n<p><!-- \/wp:separator --><\/p>\n<p><!-- wp:heading {\"textAlign\":\"left\",\"level\":3} --><\/p>\n<h3 class=\"has-text-align-left\" style=\"text-align: center;\"><strong><em>Czym jest podej\u015bcie zwane Zen Coachingiem?<\/em><\/strong><\/h3>\n<p><!-- \/wp:heading --><\/p>\n<p><!-- wp:separator {\"className\":\"is-style-wide\"} --><\/p>\n<hr class=\"wp-block-separator is-style-wide\" \/>\n<p><!-- \/wp:separator --><\/p>\n<p><!-- wp:heading {\"textAlign\":\"center\",\"level\":3} --><\/p>\n<h3 class=\"has-text-align-center\"><strong><em>ZEN<\/em><\/strong><\/h3>\n<p><!-- \/wp:heading --><\/p>\n<p><!-- wp:paragraph {\"textColor\":\"very-dark-gray\",\"fontSize\":\"medium\"} --><\/p>\n<p class=\"has-very-dark-gray-color has-text-color has-medium-font-size\"><span style=\"color: #000000;\"><em>jest powracaniem do swojej prawdziwej natury, skierowaniem swojej uwagi na tu i teraz. Jest \u017cyciem\u00a0w tera\u017aniejszo\u015bci, do\u015bwiadczaniem i prze\u017cywaniem \u015bwiata w pe\u0142ni, przyjmowaniem wszystkiego co jest\u00a0 takim, jakie to jest. Jest \u017cyciem w ciekawo\u015bci i stanie \u201enie wiem\u201d.\u00a0Jest drog\u0105 do pytania siebie, kim naprawd\u0119 jeste\u015bmy i poznawania siebie z chwili na chwil\u0119. <\/em> <\/span><\/p>\n<p><!-- \/wp:paragraph --><\/p>\n<p><!-- wp:heading {\"textAlign\":\"center\",\"level\":3} --><\/p>\n<h3 class=\"has-text-align-center\"><strong><em>COACHING<\/em><\/strong><\/h3>\n<p><!-- \/wp:heading --><\/p>\n<p><!-- wp:paragraph {\"textColor\":\"very-dark-gray\",\"fontSize\":\"medium\"} --><\/p>\n<p class=\"has-very-dark-gray-color has-text-color has-medium-font-size\"><span style=\"color: #000000;\"><em>jest wspieraniem rozwoju poprzez odnajdywanie wa\u017cnych \u017cyciowych cel\u00f3w i odkrywanie w\u0142asnych, wewn\u0119trznych zasob\u00f3w, umo\u017cliwiaj\u0105cych ich realizacj\u0119.\u00a0Jest partnersk\u0105 relacj\u0105 opart\u0105 na\u00a0szacunku, umiej\u0119tno\u015bci s\u0142uchania oraz zadawania wa\u017cnych pyta\u0144.\u00a0Jest towarzyszeniem podczas odnajdywania odpowiedzi na najwa\u017cniejsze \u017cyciowe pytania i poszukiwaniem dr\u00f3g prowadz\u0105cych do spe\u0142nienia, harmonii i satysfakcji.\u00a0<\/em> <\/span><\/p>\n<p><!-- \/wp:paragraph --><\/p>\n<p><!-- wp:heading {\"textAlign\":\"center\",\"level\":3} --><\/p>\n<h3 class=\"has-text-align-center\"><strong><em>ZEN COACHING<\/em><\/strong><\/h3>\n<p><!-- \/wp:heading --><\/p>\n<p><!-- wp:paragraph {\"textColor\":\"very-dark-gray\",\"fontSize\":\"medium\"} --><\/p>\n<p class=\"has-very-dark-gray-color has-text-color has-medium-font-size\"><em>jest prostym i pe\u0142nym mocy podej\u015bciem do coachingu i do \u017cycia. Wspiera nas w zrozumienia nas samych i w powracaniu do naszej prawdziwej natury, wzrastaniu jako ludzkie istoty, dzia\u0142aniu w zgodzie ze sob\u0105 i swoimi warto\u015bciami.<\/em><\/p>\n<p><!-- \/wp:paragraph --><\/p>\n<p><!-- wp:paragraph {\"textColor\":\"very-dark-gray\",\"fontSize\":\"medium\"} --><\/p>\n<p class=\"has-very-dark-gray-color has-text-color has-medium-font-size\"><em>Pocz\u0105tkiem tej drogi rozwoju jest nasze naturalne pragnienie, by w pe\u0142ni by\u0107 sob\u0105, \u017cy\u0107 autentycznie, prawdziwie i tak budowa\u0107 nasze relacje ze sob\u0105 i ca\u0142ym \u015bwiatem.<\/em><\/p>\n<p><!-- \/wp:paragraph --><\/p>\n<p><!-- wp:paragraph {\"textColor\":\"very-dark-gray\",\"fontSize\":\"medium\"} --><\/p>\n<p class=\"has-very-dark-gray-color has-text-color has-medium-font-size\"><em>Jako podej\u015bcie coachingowe \u0142\u0105czy skupienie na formu\u0142owaniu i skutecznym osi\u0105ganiu cel\u00f3w z g\u0142\u0119bokim skupieniem na naszym wn\u0119trzu, na kontakcie z cia\u0142em i oddechem, praktyce uwa\u017cno\u015bci i g\u0142\u0119bokiej autorefleksji.<\/em><\/p>\n<p><!-- \/wp:paragraph --><\/p>\n<p><!-- wp:heading {\"textAlign\":\"center\",\"level\":3} --><\/p>\n<h3 class=\"has-text-align-center\"><strong><em>Powracanie do tego kim naprawd\u0119 jeste\u015b<\/em><\/strong><\/h3>\n<p><!-- \/wp:heading --><\/p>\n<p><!-- wp:paragraph {\"textColor\":\"very-dark-gray\",\"fontSize\":\"medium\"} --><\/p>\n<p class=\"has-very-dark-gray-color has-text-color has-medium-font-size\"><em>Zen Coaching jest zar\u00f3wno podej\u015bciem do coachingu, jak i drog\u0105 do \u015bwiadomego, kreatywnego \u017cycia. Daje dost\u0119p do prostych, bardzo mocnych wgl\u0105d\u00f3w i narz\u0119dzi do wspierania siebie i innych w powracaniu do naszej prawdziwej natury i \u017cycia w zgodzie z ni\u0105.<\/em><\/p>\n<p><!-- \/wp:paragraph --><\/p>\n<p><!-- wp:paragraph {\"textColor\":\"very-dark-gray\",\"fontSize\":\"medium\"} --><\/p>\n<p class=\"has-very-dark-gray-color has-text-color has-medium-font-size\"><em>Zen Coaching wspiera uznanie naszej wrodzonej si\u0142y, spokoju i pe\u0142ni. Pomaga zobaczy\u0107, obj\u0105\u0107 i przetransformowa\u0107 <strong>depresj\u0119, wstyd, poczucie winy, strach, samotno\u015b\u0107, brak poczucia warto\u015bci <\/strong>i inne trudne emocje. <\/em><\/p>\n<p><!-- \/wp:paragraph --><\/p>\n<p><!-- wp:paragraph {\"textColor\":\"very-dark-gray\",\"fontSize\":\"medium\"} --><\/p>\n<p class=\"has-very-dark-gray-color has-text-color has-medium-font-size\"><em>Pomaga nam pe\u0142niej wyrazi\u0107 nasz\u0105 indywidualno\u015b\u0107 w codziennym \u017cyciu. Sprzyja poczuciu, \u017ce \u017cycie jest przygod\u0105, ciekawo\u015bci\u0105 i odkrywaniem &#8211; r\u00f3wnie\u017c wtedy, gdy chodzi o ciekawo\u015b\u0107 wobec naszych problem\u00f3w i trudnych emocji. Wspiera g\u0142\u0119bsze, bardziej autentyczne i pe\u0142ne mi\u0142o\u015bci po\u0142\u0105czenie ze sob\u0105 i z innymi.<\/em><\/p>\n<p><!-- \/wp:paragraph --><\/p>\n<p><!-- wp:image {\"align\":\"center\",\"id\":148,\"width\":586,\"height\":330} --><\/p>\n<div class=\"wp-block-image\">\n<figure class=\"aligncenter is-resized\"><img loading=\"lazy\" decoding=\"async\" class=\"wp-image-148\" src=\"https:\/\/czlowiekszczesliwy.pl\/wp-content\/uploads\/2019\/09\/Kontemplacja-1024x576.jpg\" alt=\"\" width=\"586\" height=\"330\" srcset=\"https:\/\/czlowiekszczesliwy.pl\/wp-content\/uploads\/2019\/09\/Kontemplacja-1024x576.jpg 1024w, https:\/\/czlowiekszczesliwy.pl\/wp-content\/uploads\/2019\/09\/Kontemplacja-300x169.jpg 300w, https:\/\/czlowiekszczesliwy.pl\/wp-content\/uploads\/2019\/09\/Kontemplacja-768x432.jpg 768w\" sizes=\"auto, (max-width: 586px) 100vw, 586px\" \/><\/figure>\n<\/div>\n<p><!-- \/wp:image --><\/p>\n<p><!-- wp:separator {\"className\":\"is-style-wide\"} --><\/p>\n<hr class=\"wp-block-separator is-style-wide\" \/>\n<p><!-- \/wp:separator --><\/p>\n<p><!-- wp:heading {\"textAlign\":\"center\",\"level\":3} --><\/p>\n<h3 class=\"has-text-align-center\" style=\"text-align: center;\"><em><strong>Co daj\u0105 sesje w podej\u015bciu Zen Coachingu?<\/strong><\/em><\/h3>\n<p><!-- \/wp:heading --><\/p>\n<p><!-- wp:separator {\"className\":\"is-style-wide\"} --><\/p>\n<hr class=\"wp-block-separator is-style-wide\" \/>\n<h4>\u00a0<\/h4>\n<h5 style=\"text-align: center;\"><em><span style=\"color: #000000;\">Pozostawanie w otwarto\u015bci na swoje do\u015bwiadczenie nawet gdy jest ono trudne.<\/span><\/em><\/h5>\n<h5 style=\"text-align: center;\">G\u0142\u0119boki, prawdziwy kontakt ze sob\u0105 i z innymi lud\u017ami, w oparciu o autentyczno\u015b\u0107 i prawd\u0119.<\/h5>\n<h5 style=\"text-align: center;\">Dost\u0119p do wewn\u0119trznej m\u0105dro\u015bci, intuicji,\u00a0 kreatywno\u015bci. Czerpanie ze swoich zasob\u00f3w.<\/h5>\n<h5 style=\"text-align: center;\">\u015awiadomo\u015b\u0107 i uwa\u017cno\u015b\u0107 z chwili na chwil\u0119, tu i teraz. Bycie i \u017cycie w obecno\u015bci.<\/h5>\n<h5 style=\"text-align: center;\">Zmian\u0119 na g\u0142\u0119bszym poziomie, stworzenie innych mo\u017cliwo\u015bci reagowania i dzia\u0142ania, <strong>nie<\/strong> na w\u0142\u0105czonym autopilocie<\/h5>\n<h5 style=\"text-align: center;\">Przekroczenie wewn\u0119trznych uwarunkowa\u0144 i ograniczaj\u0105cych wzorc\u00f3w, obj\u0119cie ca\u0142o\u015bci siebie i swojego do\u015bwiadczenia.<\/h5>\n<h5 style=\"text-align: center;\">Wolno\u015b\u0107 i przestrze\u0144, by \u017cy\u0107 w zgodzie z sob\u0105 w spokoju i przep\u0142ywie, w akceptacji tego, co jest.<\/h5>\n<h5 style=\"text-align: center;\">Pomaga odkry\u0107 na nowo, kim jeste\u015bmy i za czym t\u0119sknimy. Jego celem jest \u015bwiadome, pe\u0142ne sensu i radosne \u017cycie.<\/h5>\n<p><!-- \/wp:paragraph --><\/p>\n<p><!-- wp:image {\"align\":\"center\",\"id\":149} --><\/p>\n<div class=\"wp-block-image\">\n<figure class=\"aligncenter\"><img loading=\"lazy\" decoding=\"async\" width=\"900\" height=\"507\" class=\"wp-image-149\" src=\"https:\/\/czlowiekszczesliwy.pl\/wp-content\/uploads\/2019\/09\/Zachwyt.jpg\" alt=\"\" srcset=\"https:\/\/czlowiekszczesliwy.pl\/wp-content\/uploads\/2019\/09\/Zachwyt.jpg 900w, https:\/\/czlowiekszczesliwy.pl\/wp-content\/uploads\/2019\/09\/Zachwyt-300x169.jpg 300w, https:\/\/czlowiekszczesliwy.pl\/wp-content\/uploads\/2019\/09\/Zachwyt-768x433.jpg 768w\" sizes=\"auto, (max-width: 900px) 100vw, 900px\" \/><\/figure>\n<\/div>\n<p><!-- \/wp:image --><\/p>\n<p><!-- wp:paragraph {\"align\":\"center\",\"textColor\":\"very-dark-gray\",\"fontSize\":\"medium\"} --><\/p>\n<p class=\"has-text-align-center has-very-dark-gray-color has-text-color has-medium-font-size\">Jeszcze wi\u0119cej o Zen Coachingu przeczytasz <a href=\"https:\/\/zen-coaching.com\/?lang=pl\" target=\"_blank\" rel=\"noreferrer noopener\" aria-label=\" (otwiera si\u0119 na nowej zak\u0142adce)\"><span style=\"color: ##000000;\"><strong>tutaj<\/strong><\/span><\/a>.<\/p>\n<p><!-- \/wp:paragraph --><\/p>\t\t\t\t\t<\/div>\n\t\t\t\t\t\t<\/div>\n\t\t\t\t<\/div>\n\t\t\t\t\t\t<\/div>\n\t\t\t\t\t<\/div>\n\t\t<\/div>\n\t\t\t\t\t\t\t\t<\/div>\n\t\t\t\t\t<\/div>\n\t\t<\/section>\n\t\t\t\t\t\t\t\t\t<\/div>\n\t\t\t<\/div>\n\t\t\t\t\t<\/div>\n\t\t","protected":false},"excerpt":{"rendered":"<p>Czym jest podej\u015bcie zwane Zen Coachingiem? ZEN jest powracaniem do swojej prawdziwej natury, skierowaniem swojej uwagi na tu i teraz. Jest \u017cyciem\u00a0w tera\u017aniejszo\u015bci, do\u015bwiadczaniem i &hellip;<\/p>\n","protected":false},"author":1,"featured_media":0,"parent":0,"menu_order":0,"comment_status":"closed","ping_status":"closed","template":"elementor_header_footer","meta":{"footnotes":""},"class_list":["post-2","page","type-page","status-publish","hentry"],"jetpack_sharing_enabled":true,"_links":{"self":[{"href":"https:\/\/czlowiekszczesliwy.pl\/index.php\/wp-json\/wp\/v2\/pages\/2","targetHints":{"allow":["GET"]}}],"collection":[{"href":"https:\/\/czlowiekszczesliwy.pl\/index.php\/wp-json\/wp\/v2\/pages"}],"about":[{"href":"https:\/\/czlowiekszczesliwy.pl\/index.php\/wp-json\/wp\/v2\/types\/page"}],"author":[{"embeddable":true,"href":"https:\/\/czlowiekszczesliwy.pl\/index.php\/wp-json\/wp\/v2\/users\/1"}],"replies":[{"embeddable":true,"href":"https:\/\/czlowiekszczesliwy.pl\/index.php\/wp-json\/wp\/v2\/comments?post=2"}],"version-history":[{"count":92,"href":"https:\/\/czlowiekszczesliwy.pl\/index.php\/wp-json\/wp\/v2\/pages\/2\/revisions"}],"predecessor-version":[{"id":3250,"href":"https:\/\/czlowiekszczesliwy.pl\/index.php\/wp-json\/wp\/v2\/pages\/2\/revisions\/3250"}],"wp:attachment":[{"href":"https:\/\/czlowiekszczesliwy.pl\/index.php\/wp-json\/wp\/v2\/media?parent=2"}],"curies":[{"name":"wp","href":"https:\/\/api.w.org\/{rel}","templated":true}]}}